 common divisor of 1410 and 210.
30
Calculate the greatest common divisor of 9800 and 70.
70
What is the greatest common factor of 5 and 3545?
5
Calculate the greatest common factor of 352 and 2024.
88
Calculate the highest common divisor of 76 and 1539.
19
Calculate the greatest common divisor of 750 and 7800.
150
Calculate the greatest common factor of 92 and 161.
23
Calculate the greatest common divisor of 1909 and 92.
23
Calculate the greatest common factor of 15520 and 160.
160
Calculate the greatest common divisor of 120 and 48.
24
Calculate the greatest common factor of 129 and 172.
43
Calculate the highest common divisor of 212 and 26924.
212
What is the greatest common divisor of 4732 and 364?
364
Calculate the greatest common factor of 1 and 5213.
1
Calculate the greatest common divisor of 45 and 63.
9
Calculate the greatest common factor of 310 and 5208.
62
Calculate the highest common divisor of 2685 and 3.
3
Calculate the greatest common factor of 728 and 78.
26
Calculate the greatest common factor of 561 and 165.
33
What is the highest common divisor of 19 and 456?
19
What is the highest common divisor of 19 and 60857?
19
Calculate the greatest common divisor of 177 and 826.
59
What is the highest common divisor of 299 and 13?
13
What is the highest common factor of 336 and 48?
48
Calculate the greatest common divisor of 14 and 273.
7
What is the greatest common divisor of 4455 and 135?
135
What is the highest common divisor of 8474 and 38?
38
What is the highest common divisor of 1044 and 9?
9
What is the highest common factor of 15 and 1505?
5
Calculate the greatest common divisor of 1172 and 48.
4
Calculate the highest common factor of 24 and 1352.
8
What is the highest common factor of 938 and 112?
14
What is the highest common divisor of 6 and 201?
3
What is the highest common factor of 95 and 35?
5
Calculate the greatest common divisor of 185 and 111.
37
What is the greatest common divisor of 255 and 75?
15
Calculate the highest common divisor of 585 and 13.
13
Calculate the greatest common divisor of 10 and 26.
2
What is the highest common divisor of 3 and 2235?
3
What is the greatest common divisor of 2752 and 215?
43
What is the greatest common divisor of 29 and 10063?
29
What is the highest common factor of 10 and 145?
5
What is the highest common divisor of 54 and 189?
27
What is the greatest common divisor of 803 and 22?
11
Calculate the greatest common factor of 1512 and 2296.
56
Calculate the greatest common factor of 1582 and 70.
14
What is the highest common factor of 52 and 91?
13
What is the highest common divisor of 3 and 23?
1
What is the greatest common divisor of 9398 and 37?
37
Calculate the highest common divisor of 396 and 180.
36
Calculate the highest common divisor of 8 and 3032.
8
What is the highest common divisor of 58 and 324?
2
What is the highest common divisor of 3487 and 11?
11
Calculate the highest common factor of 252 and 180.
36
Calculate the greatest common divisor of 141 and 123.
3
Calculate the highest common factor of 2785 and 5.
5
What is the greatest common factor of 80 and 2608?
16
What is the greatest common factor of 32 and 1952?
32
What is the greatest common factor of 65 and 715?
65
What is the greatest common factor of 17916 and 48?
12
What is the highest common divisor of 756 and 28?
28
Calculate the greatest common factor of 3434 and 34.
34
What is the highest common divisor of 148 and 518?
74
What is the greatest common factor of 845 and 65?
65
Calculate the highest common factor of 112 and 48.
16
Calculate the highest common factor of 35 and 1953.
7
Calculate the highest common factor of 132 and 162.
6
What is the greatest common divisor of 2770 and 40?
10
Calculate the highest common factor of 1530 and 36.
18
Calculate the highest common divisor of 24 and 9.
3
What is the greatest common factor of 60 and 195?
15
Calculate the highest common divisor of 5056 and 948.
316
What is the greatest common divisor of 962 and 52?
26
Calculate the greatest common factor of 254 and 24.
2
Calculate the greatest common factor of 68 and 2516.
68
Calculate the highest common divisor of 16 and 18.
2
Calculate the highest common factor of 7 and 28.
7
What is the highest common divisor of 16873 and 94?
47
Calculate the greatest common factor of 4 and 676.
4
What is the highest common factor of 6 and 34?
2
What is the highest common factor of 2266 and 824?
206
Calculate the greatest common divisor of 807 and 12.
3
What is the highest common divisor of 584 and 146?
146
Calculate the greatest common factor of 116 and 609.
29
Calculate the highest common factor of 345 and 15.
15
Calculate the highest common factor of 104 and 9932.
52
What is the highest common divisor of 48 and 612?
12
Calculate the highest common factor of 38 and 665.
19
What is the greatest common divisor of 396 and 27?
9
What is the greatest common divisor of 9 and 603?
9
Calculate the greatest common factor of 372 and 44.
4
Calculate the greatest common factor of 610 and 330.
10
What is the highest common factor of 348 and 87?
87
Calculate the highest common divisor of 426 and 12.
6
What is the highest common divisor of 444 and 36?
12
What is the highest common divisor of 637 and 52?
13
What is the highest common divisor of 6 and 36282?
6
What is the greatest common factor of 793 and 122?
61
What is the greatest common divisor of 384 and 84?
12
What is the highest common factor of 414 and 36?
18
What is the greatest common factor of 152 and 76?
76
What is the greatest common divisor of 8 and 56?
8
Calculate the greatest common factor of 1258 and 1702.
74
Calculate the greatest common factor of 43 and 9847.
43
Calculate the highest common divisor of 18 and 14778.
18
Calculate the greatest common divisor of 40 and 140.
20
What is the highest common divisor of 89 and 89?
89
What is the greatest common divisor of 576 and 315?
9
Calculate the greatest common divisor of 2890 and 70.
10
What is the highest common divisor of 87 and 4930?
29
What is the highest common factor of 4 and 356?
4
What is the highest common divisor of 9 and 261?
9
What is the greatest common divisor of 82 and 861?
41
Calculate the highest common divisor of 165 and 1705.
55
What is the greatest common divisor of 324 and 36?
36
What is the greatest common factor of 21 and 63?
21
What is the greatest common factor of 3123 and 9?
9
Calculate the greatest common divisor of 33 and 187.
11
What is the highest common divisor of 299 and 169?
13
Calculate the greatest common factor of 505 and 5.
5
What is the highest common divisor of 250 and 10125?
125
Calculate the greatest common divisor of 400 and 832.
16
What is the greatest common divisor of 290 and 220?
10
Calculate the highest common factor of 12025 and 130.
65
What is the highest common divisor of 3381 and 138?
69
What is the highest common factor of 57 and 1?
1
What is the highest common factor of 99 and 1716?
33
Calculate the greatest common factor of 1183 and 7.
7
What is the highest common divisor of 2114 and 2718?
302
What is the highest common factor of 894 and 24?
6
Calculate the greatest common factor of 532 and 3572.
76
Calculate the greatest common divisor of 298 and 7.
1
Calculate the greatest common divisor of 475 and 3895.
95
What is the greatest common divisor of 24 and 228?
12
What is the greatest common factor of 20 and 5045?
5
Calculate the highest common divisor of 684 and 27.
9
Calculate the highest common divisor of 100629 and 27.
27
What is the greatest common divisor of 1136 and 4?
4
What is the highest common divisor of 870 and 50?
10
What is the greatest common factor of 1311 and 897?
69
Calculate the highest common divisor of 284 and 36352.
284
Calculate the greatest common divisor of 875 and 1125.
125
What is the highest common divisor of 9869 and 139?
139
What is the highest common factor of 2191 and 14?
7
What is the greatest common factor of 72 and 207?
9
Calculate the greatest common factor of 122 and 5734.
122
What is the highest common divisor of 11 and 55?
11
Calculate the highest common divisor of 40 and 70.
10
Calculate the highest common divisor of 75 and 975.
75
Calculate the highest common factor of 10 and 530.
10
Calculate the highest common factor of 27 and 1341.
9
Wh